 common factor of m and 72.
8
Let j = 261 - 153. Let b = 1699 - 1663. Calculate the greatest common factor of j and b.
36
Suppose -4*a - 154 = 3*k, 2*a - 7*a - 5 = 0. Let y = k - -55. Calculate the greatest common divisor of 25 and y.
5
Let p be 1/(-3) - ((-492)/9)/(-1). Let o = 65 + p. What is the highest common factor of o and 110?
10
Let q(u) = u**2 + 7*u + 3. Let g be q(-7). Let d = 6 - 8. Let t be (-1 + g)*(-7)/d. What is the greatest common divisor of 35 and t?
7
Suppose -9 - 3 = 2*w. Let r be 7 + 1 - w/3. Let p = -956 + 966. What is the greatest common factor of r and p?
10
Suppose 2*d + 51 = 117. Let a = -5 + d. What is the greatest common divisor of a and 84?
28
Suppose -3*p + 4086 = 5*f, 3*f + 2*p = -2*f + 4084. Calculate the highest common factor of 192 and f.
48
Let x(c) = -27*c - 39. Let a be x(-7). What is the highest common factor of a and 30?
30
Let j be 38/8 + (-9)/(-36). Suppose -3*f + 4*d = 81 - 309, -f - j*d + 57 = 0. Suppose -3*z + f = -0*z. What is the highest common factor of 24 and z?
24
Let s(p) = 0*p - 55 + 64 + p. Let f be s(-1). Calculate the greatest common divisor of 72 and f.
8
Let m(t) = t - 14. Let g be m(16). Let p = g + 3. What is the greatest common divisor of 50 and p?
5
Suppose -3*i = -4*h - 16, 2*i = -3*i. Let l be 14/(-3)*-3 - h. Let f = -25 + 37. Calculate the highest common divisor of l and f.
6
Let t be (-8)/(-3)*108/48. Calculate the highest common factor of t and 18.
6
Let n be (1/4)/(1/8). Suppose -5*y + 4*r = -n*y - 277, -r - 1 = 0. Let x be (-1 - 0)/((-2)/26). What is the highest common divisor of y and x?
13
Suppose -p = -5*u - 28 + 206, -5*u - 4*p = -188. What is the highest common divisor of 234 and u?
18
Let c be 40/(8 + -3) - 3. Suppose b - c*v = 33 - 0, -b = 5*v + 7. What is the highest common divisor of 52 and b?
13
Let d(z) = -z**3 - 2*z**2 + 2. Let i be d(2). Let k be ((-176)/(-56))/((-2)/i). Calculate the highest common divisor of 242 and k.
22
Let w(z) = 32*z - 363. Let a be w(12). What is the highest common factor of 357 and a?
21
Let k be (0 - 1)*(-11 + 1). Let f(t) = -t**3 - t**2 - 26*t + 20. Let r be f(0). Calculate the greatest common divisor of k and r.
10
Let z = -521 + 554. What is the highest common divisor of z and 143?
11
Suppose -27 = -6*t + 15. Calculate the highest common factor of t and 259.
7
Let w(d) be the second derivative of 5*d**3/3 - 11*d**2/2 + 8*d. Let k be w(3). What is the highest common factor of k and 38?
19
Let k be (-2)/4*(3 - 267). Let v(q) = 10*q**2 - 2*q + 4. Let g be v(1). What is the greatest common factor of g and k?
12
Suppose -2*b + 2*q + 1 = -17, 4*b - 2*q = 44. Let a be (-114)/18 + 3/9. Let r(c) = -19*c + 3. Let u be r(a). Calculate the highest common divisor of u and b.
13
Let h(c) be the third derivative of -c**4/24 + 5*c**3/2 + 6*c**2. Suppose 0 = 3*w - w - 18. Let u be h(w). Calculate the greatest common divisor of u and 24.
6
Let f(w) = w**2 + 12*w - 20. Let s be f(-18). Let t = -82 + s. Calculate the greatest common divisor of 66 and t.
6
Suppose -3 + 0 = i. Let a(s) = -2*s**3 - 4*s**2 - s - 1. Let m be a(i). What is the highest common divisor of 50 and m?
10
Let g be (2 + -3 - -2) + 1099. Suppose 4*j - g = -j. Suppose y = 3*h - 60, 60 = 3*h - y - y. What is the highest common factor of j and h?
20
Suppose -7*h - 42 = -231. Suppose 0 = 3*s - 0*s - 54. Calculate the greatest common factor of s and h.
9
Let i = -461 - -565. Calculate the highest common factor of 676 and i.
52
Let f be ((-1)/2*2)/((-10)/270). Let v = 349 - 106. What is the greatest common divisor of f and v?
27
Let q = -339 - -435. What is the highest common factor of q and 36?
12
Suppose -93*i = -14*i - 158. Let t be 0*1*(-1)/(-2). Suppose t*p + 2*y + 34 = 4*p, p + 5*y = 3. Calculate the greatest common factor of i and p.
2
Suppose -470 = -3*p + 5*c, 2*p = 9*c - 7*c + 312. What is the greatest common factor of 5 and p?
5
Suppose -2*n + 3*n - 873 = -5*l, 0 = 4*n + 8. What is the greatest common divisor of l and 7?
7
Suppose -4*i = 4*v - 260, -16*v + i = -14*v - 151. Suppose -3*z + 4 = -5*z. Let t be -2*(-6 - z/1). What is the highest common divisor of t and v?
8
Let x = -108 - -111. Suppose x*r - 288 = -6*r. Suppose 2*l - 5*l = -768. Calculate the greatest common factor of r and l.
32
Suppose 0 = 21*c - 81*c + 300. What is the greatest common divisor of 70 and c?
5
Suppose 7 = -5*k + 17. Calculate the highest common divisor of 13 and k.
1
Let d = 12 + -20. Let k be (10*2/d)/((-2)/4). Suppose -3*m + m + 110 = 0. What is the greatest common factor of m and k?
5
Suppose h + 12 = 5*h. Let x(m) = m + 2*m**h + 3 + 0 - 6*m**2 - 2*m + 2. Let n be x(4). What is the highest common divisor of 165 and n?
33
Suppose 4*m - 128 = -4*x - x, -87 = -3*x + m. Calculate the highest common factor of x and 1092.
28
Let w(d) = d + 7. Let j(p) = p**2 + 7*p + 6. Let l be j(-6). Suppose 2*u + 0 + 12 = l. Let h be w(u). What is the highest common factor of 8 and h?
1
Let p = 171 - 55. Let x = -40 + 44. Calculate the greatest common factor of x and p.
4
Let b be (-41)/(-4) - (-1)/(-4). Suppose -960*u - 70 = -967*u. What is the highest common factor of b and u?
10
Suppose 13 = -t + 2*y + 44, -y = 2*t - 37. Let z = -8 - -12. Let i be z*(21 + 1 - 1). Calculate the greatest common factor of i and t.
21
Let z = 368 + -183. Calculate the greatest common factor of 10 and z.
5
Let f(l) = -27*l**3 + 3*l**2 + 5*l + 6. Let d be f(-2). Calculate the highest common factor of 14 and d.
14
Let i = -141 + 155. What is the greatest common divisor of 42 and i?
14
Let v(n) = -2*n + 8. Let a be v(8). Let q be (-432)/a - (-5)/(-1). Calculate the greatest common factor of q and 245.
49
Let j(x) = x**3 - 9*x + 6. Let f be j(-3). Let d = f - -34. What is the highest common factor of 360 and d?
40
Suppose -p + 2*d = -6, -p + 5*p - 3*d = 14. Let j be (-2)/((-1)/(-12)*3). Let o = 10 + j. What is the highest common factor of o and p?
2
Suppose -2*v = -5 - 3. Let i be 1/3*(-189)/(-3). Suppose v*h - i = h. What is the highest common divisor of 14 and h?
7
Suppose n + 3*n = 4*i - 732, -5*n + 207 = i. Suppose -6*j + 78 = -3*j. Let v = 43 - j. Calculate the highest common factor of i and v.
17
Let u = 16 - 11. Suppose 2*z - z + 1 = -3*i, -u*z + i = -11. Suppose -n + z*n - 112 = 0. What is the highest common divisor of 16 and n?
16
Let a(o) = -6*o + 88. Let x be a(9). Calculate the highest common divisor of 153 and x.
17
Suppose 12 + 0 = 3*l. Suppose 0 = -2*i, 14*h - 17*h - i + 108 = 0. Calculate the greatest common divisor of h and l.
4
Let r be 0/(56/(-8)) - -230. Calculate the highest common divisor of 23 and r.
23
Let j(y) = y**2 - 3*y - 3. Let c be j(4). Let p = c - -9. Let u be 70 - 1 - (20 - 10 - 11). Calculate the highest common divisor of u and p.
10
Suppose w = 2*c, 5*w - 4*c + 0*c = -6. Let t be (w/(-3))/(28/1134). Calculate the greatest common factor of 18 and t.
9
Let m(c) = -2*c**2 - 23*c + 226. Let w be m(6). Calculate the greatest common divisor of w and 156.
4
Let r be 5/((-500)/(-6292)) - 14/(-175). Calculate the greatest common factor of 483 and r.
21
Let o be (-24)/(-14) - (-4)/14. Suppose 2*n = 4*n - g - 1795, o*g = n - 890. Let u be (2/5)/(4/n). What is the greatest common factor of 36 and u?
18
Let j be (-6)/15*5 - -22. What is the greatest common divisor of 160 and j?
20
Let p(r) = 108*r - 62. Let c be p(4). Calculate the highest common divisor of 10 and c.
10
Let y be (-27)/15 + 5/(-25). Let s be (-31)/y - 8/(-16). Calculate the highest common factor of s and 24.
8
Suppose 0 = 3*r + 24 - 12. Let s be 0 + -3 - 84/r. What is the greatest common factor of s and 54?
18
Let o(a) = 13*a**2 + a + 12. Let r be o(-4). Suppose 17*z - 20*z = -162. Calculate the highest common divisor of z and r.
54
Let k be 7/(-4) - (-3)/(-12). Let j = 17 + k. Calculate the highest common divisor of 3 and j.
3
Let b(p) = -5*p**2 - 13*p - 25. Let l(f) = f**2 + f + 1. Let c(i) = -b(i) - 6*l(i). Let h be c(8). What is the highest common divisor of h and 11?
11
Suppose -50 = 31*g - 33*g. Calculate the highest common divisor of 10 and g.
5
Let x be (5/(-3))/(3/(-9)). Suppose -p = -x*g - 2*p + 28, 12 = 4*p. Suppose 0*f + 6 = 3*f, -g*f = -5*j + 110. What is the highest common divisor of j and 6?
6
Let d(a) = -a**3 + 13*a**2 + 20*a - 34. Let u